{"id":6511,"date":"2019-10-21T15:33:16","date_gmt":"2019-10-21T18:33:16","guid":{"rendered":"https:\/\/www.di-art.cl\/tienda\/?post_type=product&#038;p=6511"},"modified":"2024-12-02T10:42:39","modified_gmt":"2024-12-02T13:42:39","slug":"burano-cartulina-200g-pack-x100-hjs","status":"publish","type":"product","link":"https:\/\/www.di-art.cl\/tienda\/producto\/burano-cartulina-200g-pack-x100-hjs\/","title":{"rendered":"Burano cartulina 200g &#8211; Colores claros y fuertes"},"content":{"rendered":"<p>Papeler\u00eda inspirada en las tonalidades de los muros de las casas de la isla de Burano en Venecia.<br \/>\nBurano puede ser troquelado, entelado, punzonado, barnizado UV en serigraf\u00eda.<br \/>\nEs apto para toda t\u00e9cnica de impresi\u00f3n. Compatible en focopiadoras, impresi\u00f3n L\u00e1ser e Ink Jet, en color y negro. Es obtenida a pH neutro. Es Acid Free y Chlorine Free.<\/p>\n<p>&nbsp;<\/p>\n<p>&nbsp;<\/p>\n","protected":false},"excerpt":{"rendered":"<p>Cartulina de 200g. Apto para toda t\u00e9cnica de impresi\u00f3n. Uso: papeleria, Tarjeter\u00eda, Portadas, Manualidades, Scrapbook.<br \/>\nCompatible en focopiadoras, impresi\u00f3n L\u00e1ser e Ink Jet, en color y negro.<br \/>\nNota: Elije el color que deseas, ampl\u00edalo haciendo clic en la lupa y ver\u00e1s su nombre.<\/p>\n<p>COLORES CLAROS<\/p>\n<p>&nbsp;<\/p>\n","protected":false},"featured_media":5253,"comment_status":"open","ping_status":"closed","template":"","meta":[],"product_cat":[294,210],"product_tag":[378,317,377,217,376],"_links":{"self":[{"href":"https:\/\/www.di-art.cl\/tienda\/wp-json\/wp\/v2\/product\/6511"}],"collection":[{"href":"https:\/\/www.di-art.cl\/tienda\/wp-json\/wp\/v2\/product"}],"about":[{"href":"https:\/\/www.di-art.cl\/tienda\/wp-json\/wp\/v2\/types\/product"}],"replies":[{"embeddable":true,"href":"https:\/\/www.di-art.cl\/tienda\/wp-json\/wp\/v2\/comments?post=6511"}],"wp:featuredmedia":[{"embeddable":true,"href":"https:\/\/www.di-art.cl\/tienda\/wp-json\/wp\/v2\/media\/5253"}],"wp:attachment":[{"href":"https:\/\/www.di-art.cl\/tienda\/wp-json\/wp\/v2\/media?parent=6511"}],"wp:term":[{"taxonomy":"product_cat","embeddable":true,"href":"https:\/\/www.di-art.cl\/tienda\/wp-json\/wp\/v2\/product_cat?post=6511"},{"taxonomy":"product_tag","embeddable":true,"href":"https:\/\/www.di-art.cl\/tienda\/wp-json\/wp\/v2\/product_tag?post=6511"}],"curies":[{"name":"wp","href":"https:\/\/api.w.org\/{rel}","templated":true}]}}