{"id":6748,"date":"2019-11-12T18:01:50","date_gmt":"2019-11-12T21:01:50","guid":{"rendered":"https:\/\/www.di-art.cl\/tienda\/?post_type=product&#038;p=6748"},"modified":"2024-12-04T09:50:19","modified_gmt":"2024-12-04T12:50:19","slug":"opalina-biancoflash-millenium-hilo-200-g-x-100-hojas","status":"publish","type":"product","link":"https:\/\/www.di-art.cl\/tienda\/producto\/opalina-biancoflash-millenium-hilo-200-g-x-100-hojas\/","title":{"rendered":"Opalina Biancoflash Millenium Hilo 225 g"},"content":{"rendered":"<p><strong>Biancoflash<\/strong>, la marca original de\u00a0<strong>Favini<\/strong>, es la palabra italiana para la blancura y la calidad.\u00a0Se presenta en dos acabados, Lisa y Gofrada, en tonos blancos e Ivory. Biancoflash es una gama que presenta una enorme versatilidad para el dise\u00f1o y la impresi\u00f3n de alto nivel.<\/p>\n","protected":false},"excerpt":{"rendered":"<p><strong>Compatible con<\/strong>\u00a0sistemas de impresi\u00f3n off set, l\u00e1ser, ploter, ink jet, serigraf\u00eda y otros. Sirve para realizar troquelados, punzonado, hendido a relieve y barnizado UV.<\/p>\n","protected":false},"featured_media":6751,"comment_status":"open","ping_status":"closed","template":"","meta":[],"product_cat":[420,295,433],"product_tag":[],"_links":{"self":[{"href":"https:\/\/www.di-art.cl\/tienda\/wp-json\/wp\/v2\/product\/6748"}],"collection":[{"href":"https:\/\/www.di-art.cl\/tienda\/wp-json\/wp\/v2\/product"}],"about":[{"href":"https:\/\/www.di-art.cl\/tienda\/wp-json\/wp\/v2\/types\/product"}],"replies":[{"embeddable":true,"href":"https:\/\/www.di-art.cl\/tienda\/wp-json\/wp\/v2\/comments?post=6748"}],"wp:featuredmedia":[{"embeddable":true,"href":"https:\/\/www.di-art.cl\/tienda\/wp-json\/wp\/v2\/media\/6751"}],"wp:attachment":[{"href":"https:\/\/www.di-art.cl\/tienda\/wp-json\/wp\/v2\/media?parent=6748"}],"wp:term":[{"taxonomy":"product_cat","embeddable":true,"href":"https:\/\/www.di-art.cl\/tienda\/wp-json\/wp\/v2\/product_cat?post=6748"},{"taxonomy":"product_tag","embeddable":true,"href":"https:\/\/www.di-art.cl\/tienda\/wp-json\/wp\/v2\/product_tag?post=6748"}],"curies":[{"name":"wp","href":"https:\/\/api.w.org\/{rel}","templated":true}]}}