{"id":6840,"date":"2019-11-24T22:43:26","date_gmt":"2019-11-25T01:43:26","guid":{"rendered":"https:\/\/www.di-art.cl\/tienda\/?post_type=product&#038;p=6840"},"modified":"2024-12-04T09:36:49","modified_gmt":"2024-12-04T12:36:49","slug":"swedia-cartulina-220g-pack-x-100hjs","status":"publish","type":"product","link":"https:\/\/www.di-art.cl\/tienda\/producto\/swedia-cartulina-220g-pack-x-100hjs\/","title":{"rendered":"Swedia Cartulina 220g"},"content":{"rendered":"<p style=\"font-weight: 400;\">Papel con relieve de lino Swedia posee un dise\u00f1o \u00f3ptimo para invitaciones y Tarjeter\u00eda. Este tipo de hilados, cl\u00e1sicos en Asia, tiene una variedad de usos como, por ejemplo: tarjetas de negocios, tarjetas de felicitaci\u00f3n, invitaciones de matrimonio y cuaderno diario y otros prop\u00f3sitos de impresi\u00f3n.<\/p>\n<p style=\"font-weight: 400;\">\n","protected":false},"excerpt":{"rendered":"<p>Este material coloreado de pasta, presenta gofrado por ambas caras donde la textura proporcionada por los fieltros, no brinda una agradable sensaci\u00f3n al tacto.<\/p>\n","protected":false},"featured_media":5930,"comment_status":"open","ping_status":"closed","template":"","meta":[],"product_cat":[284,413],"product_tag":[314,378,218,313,316,315,318,216,377,221,217,376],"_links":{"self":[{"href":"https:\/\/www.di-art.cl\/tienda\/wp-json\/wp\/v2\/product\/6840"}],"collection":[{"href":"https:\/\/www.di-art.cl\/tienda\/wp-json\/wp\/v2\/product"}],"about":[{"href":"https:\/\/www.di-art.cl\/tienda\/wp-json\/wp\/v2\/types\/product"}],"replies":[{"embeddable":true,"href":"https:\/\/www.di-art.cl\/tienda\/wp-json\/wp\/v2\/comments?post=6840"}],"wp:featuredmedia":[{"embeddable":true,"href":"https:\/\/www.di-art.cl\/tienda\/wp-json\/wp\/v2\/media\/5930"}],"wp:attachment":[{"href":"https:\/\/www.di-art.cl\/tienda\/wp-json\/wp\/v2\/media?parent=6840"}],"wp:term":[{"taxonomy":"product_cat","embeddable":true,"href":"https:\/\/www.di-art.cl\/tienda\/wp-json\/wp\/v2\/product_cat?post=6840"},{"taxonomy":"product_tag","embeddable":true,"href":"https:\/\/www.di-art.cl\/tienda\/wp-json\/wp\/v2\/product_tag?post=6840"}],"curies":[{"name":"wp","href":"https:\/\/api.w.org\/{rel}","templated":true}]}}