{"id":7298,"date":"2020-02-04T01:32:04","date_gmt":"2020-02-04T04:32:04","guid":{"rendered":"https:\/\/www.di-art.cl\/tienda\/?post_type=product&#038;p=7298"},"modified":"2024-12-02T18:32:12","modified_gmt":"2024-12-02T21:32:12","slug":"florence-cartulina-200g-pack-x-100-hjs","status":"publish","type":"product","link":"https:\/\/www.di-art.cl\/tienda\/producto\/florence-cartulina-200g-pack-x-100-hjs\/","title":{"rendered":"Florence Cartulina 200g"},"content":{"rendered":"<p>El gusto art\u00edstico de Oriente se expresa a trav\u00e9s de su dise\u00f1o. Puede ser impreso en Off Set, Laser e Ink-Jet.<\/p>\n","protected":false},"excerpt":{"rendered":"<p>El gusto art\u00edstico de Oriente se expresa a trav\u00e9s de su dise\u00f1o. Puede ser impreso en Off Set, Laser e Ink-Jet.<\/p>\n","protected":false},"featured_media":5925,"comment_status":"open","ping_status":"closed","template":"","meta":[],"product_cat":[290,429],"product_tag":[378,218,313,316,315,317,318,216,377,217,376],"_links":{"self":[{"href":"https:\/\/www.di-art.cl\/tienda\/wp-json\/wp\/v2\/product\/7298"}],"collection":[{"href":"https:\/\/www.di-art.cl\/tienda\/wp-json\/wp\/v2\/product"}],"about":[{"href":"https:\/\/www.di-art.cl\/tienda\/wp-json\/wp\/v2\/types\/product"}],"replies":[{"embeddable":true,"href":"https:\/\/www.di-art.cl\/tienda\/wp-json\/wp\/v2\/comments?post=7298"}],"wp:featuredmedia":[{"embeddable":true,"href":"https:\/\/www.di-art.cl\/tienda\/wp-json\/wp\/v2\/media\/5925"}],"wp:attachment":[{"href":"https:\/\/www.di-art.cl\/tienda\/wp-json\/wp\/v2\/media?parent=7298"}],"wp:term":[{"taxonomy":"product_cat","embeddable":true,"href":"https:\/\/www.di-art.cl\/tienda\/wp-json\/wp\/v2\/product_cat?post=7298"},{"taxonomy":"product_tag","embeddable":true,"href":"https:\/\/www.di-art.cl\/tienda\/wp-json\/wp\/v2\/product_tag?post=7298"}],"curies":[{"name":"wp","href":"https:\/\/api.w.org\/{rel}","templated":true}]}}