{"id":7600,"date":"2020-11-11T19:07:55","date_gmt":"2020-11-11T22:07:55","guid":{"rendered":"https:\/\/www.di-art.cl\/tienda\/?post_type=product&#038;p=7600"},"modified":"2024-12-02T18:25:38","modified_gmt":"2024-12-02T21:25:38","slug":"crush-120-gr-colores-claros","status":"publish","type":"product","link":"https:\/\/www.di-art.cl\/tienda\/producto\/crush-120-gr-colores-claros\/","title":{"rendered":"Crush 120 gr. Colores claros"},"content":{"rendered":"<p>Papel Reciclado org\u00e1nico, producido usando 100% energ\u00eda verde. El contenido incluye el 30% del reciclado de residuos post-consumo. Los productos org\u00e1nicos reemplazan el 15% de pulpa de \u00e1rbol.<\/p>\n<p>Colores: Corn, Citrus, Olive, Kiwi y Cacao *Nuevo*<\/p>\n","protected":false},"excerpt":{"rendered":"<p>Papel Reciclado org\u00e1nico, producido usando 100% energ\u00eda verde. El contenido incluye el 30% del reciclado de residuos post-consumo. Los productos org\u00e1nicos reemplazan el 15% de pulpa<span class=\"excerpt-hellip\"> [\u2026]<\/span><\/p>\n","protected":false},"featured_media":7607,"comment_status":"open","ping_status":"closed","template":"","meta":[],"product_cat":[448],"product_tag":[317,452,447,451,216,221,450,446],"_links":{"self":[{"href":"https:\/\/www.di-art.cl\/tienda\/wp-json\/wp\/v2\/product\/7600"}],"collection":[{"href":"https:\/\/www.di-art.cl\/tienda\/wp-json\/wp\/v2\/product"}],"about":[{"href":"https:\/\/www.di-art.cl\/tienda\/wp-json\/wp\/v2\/types\/product"}],"replies":[{"embeddable":true,"href":"https:\/\/www.di-art.cl\/tienda\/wp-json\/wp\/v2\/comments?post=7600"}],"wp:featuredmedia":[{"embeddable":true,"href":"https:\/\/www.di-art.cl\/tienda\/wp-json\/wp\/v2\/media\/7607"}],"wp:attachment":[{"href":"https:\/\/www.di-art.cl\/tienda\/wp-json\/wp\/v2\/media?parent=7600"}],"wp:term":[{"taxonomy":"product_cat","embeddable":true,"href":"https:\/\/www.di-art.cl\/tienda\/wp-json\/wp\/v2\/product_cat?post=7600"},{"taxonomy":"product_tag","embeddable":true,"href":"https:\/\/www.di-art.cl\/tienda\/wp-json\/wp\/v2\/product_tag?post=7600"}],"curies":[{"name":"wp","href":"https:\/\/api.w.org\/{rel}","templated":true}]}}