{"id":7692,"date":"2020-11-23T16:18:22","date_gmt":"2020-11-23T19:18:22","guid":{"rendered":"https:\/\/www.di-art.cl\/tienda\/?post_type=product&#038;p=7692"},"modified":"2024-12-02T18:20:57","modified_gmt":"2024-12-02T21:20:57","slug":"durocol-170-g-carta-pack-de-25-hjs","status":"publish","type":"product","link":"https:\/\/www.di-art.cl\/tienda\/producto\/durocol-170-g-carta-pack-de-25-hjs\/","title":{"rendered":"Durocol 170 g &#8211; Carta -Pack de 25 hjs"},"content":{"rendered":"<p>Cartulina en 170 grs. gofrado tipo cadenilla. Se presenta en tonalidades tierra y una variada gama de colores que van desde los tonos pastel al negro. Es obtenida a pH neutro, es acid free chlorine free y contiene un 40% de algod\u00f3n.<br \/>\nDurocol puede ser troquelado, entelado, punzonado, barnizado UV en serigraf\u00eda. Es ideal para t\u00e9cnicas como pastel, grafito, sangu\u00ednea, pol\u00edcromos, carboncillo, tinta y gel. Puede utilizarse tambi\u00e9n en impresos Inkjet, l\u00e1ser y fotocopiado.<\/p>\n","protected":false},"excerpt":{"rendered":"<p>Durocol puede ser troquelado, entelado, punzonado, barnizado UV en serigraf\u00eda. Es ideal para t\u00e9cnicas como pastel, grafito, sangu\u00ednea, pol\u00edcromos, carboncillo, tinta y gel. Puede utilizarse tambi\u00e9n en impresos Inkjet, l\u00e1ser y fotocopiado.<\/p>\n","protected":false},"featured_media":7662,"comment_status":"open","ping_status":"closed","template":"","meta":[],"product_cat":[651,294,472],"product_tag":[646],"_links":{"self":[{"href":"https:\/\/www.di-art.cl\/tienda\/wp-json\/wp\/v2\/product\/7692"}],"collection":[{"href":"https:\/\/www.di-art.cl\/tienda\/wp-json\/wp\/v2\/product"}],"about":[{"href":"https:\/\/www.di-art.cl\/tienda\/wp-json\/wp\/v2\/types\/product"}],"replies":[{"embeddable":true,"href":"https:\/\/www.di-art.cl\/tienda\/wp-json\/wp\/v2\/comments?post=7692"}],"wp:featuredmedia":[{"embeddable":true,"href":"https:\/\/www.di-art.cl\/tienda\/wp-json\/wp\/v2\/media\/7662"}],"wp:attachment":[{"href":"https:\/\/www.di-art.cl\/tienda\/wp-json\/wp\/v2\/media?parent=7692"}],"wp:term":[{"taxonomy":"product_cat","embeddable":true,"href":"https:\/\/www.di-art.cl\/tienda\/wp-json\/wp\/v2\/product_cat?post=7692"},{"taxonomy":"product_tag","embeddable":true,"href":"https:\/\/www.di-art.cl\/tienda\/wp-json\/wp\/v2\/product_tag?post=7692"}],"curies":[{"name":"wp","href":"https:\/\/api.w.org\/{rel}","templated":true}]}}