{"id":8222,"date":"2021-05-11T12:06:58","date_gmt":"2021-05-11T15:06:58","guid":{"rendered":"https:\/\/www.di-art.cl\/tienda\/?post_type=product&#038;p=8222"},"modified":"2024-12-02T11:51:10","modified_gmt":"2024-12-02T14:51:10","slug":"cuaderno-de-musica","status":"publish","type":"product","link":"https:\/\/www.di-art.cl\/tienda\/producto\/cuaderno-de-musica\/","title":{"rendered":"Cuaderno de M\u00fasica"},"content":{"rendered":"<p>Cuaderno de M\u00fasica formato vertical tama\u00f1o 24 x 32 cm. Presentaci\u00f3n en Cuadernillo de 5 y Cuaderno de 50 hojas de papel bond 80 g.<\/p>\n","protected":false},"excerpt":{"rendered":"<p>Cuaderno de M\u00fasica formato vertical tama\u00f1o 24 x 32 cm. Presentaci\u00f3n en Cuadernillo de 5 y Cuaderno de 50 hojas de papel bond 80 g.<\/p>\n","protected":false},"featured_media":8792,"comment_status":"open","ping_status":"closed","template":"","meta":[],"product_cat":[487,561],"product_tag":[],"_links":{"self":[{"href":"https:\/\/www.di-art.cl\/tienda\/wp-json\/wp\/v2\/product\/8222"}],"collection":[{"href":"https:\/\/www.di-art.cl\/tienda\/wp-json\/wp\/v2\/product"}],"about":[{"href":"https:\/\/www.di-art.cl\/tienda\/wp-json\/wp\/v2\/types\/product"}],"replies":[{"embeddable":true,"href":"https:\/\/www.di-art.cl\/tienda\/wp-json\/wp\/v2\/comments?post=8222"}],"wp:featuredmedia":[{"embeddable":true,"href":"https:\/\/www.di-art.cl\/tienda\/wp-json\/wp\/v2\/media\/8792"}],"wp:attachment":[{"href":"https:\/\/www.di-art.cl\/tienda\/wp-json\/wp\/v2\/media?parent=8222"}],"wp:term":[{"taxonomy":"product_cat","embeddable":true,"href":"https:\/\/www.di-art.cl\/tienda\/wp-json\/wp\/v2\/product_cat?post=8222"},{"taxonomy":"product_tag","embeddable":true,"href":"https:\/\/www.di-art.cl\/tienda\/wp-json\/wp\/v2\/product_tag?post=8222"}],"curies":[{"name":"wp","href":"https:\/\/api.w.org\/{rel}","templated":true}]}}