{"id":9261,"date":"2024-05-16T19:18:36","date_gmt":"2024-05-16T22:18:36","guid":{"rendered":"https:\/\/www.di-art.cl\/tienda\/?post_type=product&#038;p=9261"},"modified":"2024-12-02T10:30:52","modified_gmt":"2024-12-02T13:30:52","slug":"pergamino-nubes","status":"publish","type":"product","link":"https:\/\/www.di-art.cl\/tienda\/producto\/pergamino-nubes\/","title":{"rendered":"Pergamino Nubes"},"content":{"rendered":"<p><strong>Pergamino Nubes:<\/strong><\/p>\n<p>Pura Celulosa Blanqueada, libre de cloro reciclable. Papel no estucado con tintes blancos en masa. Resistente al envejecimiento. Procesos tradicionales de impresi\u00f3n. Prensa tipogr\u00e1fica, litograf\u00eda, serigraf\u00eda impresa, l\u00e1ser e impresi\u00f3n de inyecci\u00f3n de tintas.<\/p>\n<p><strong>Presentaci\u00f3n: <\/strong>Gramaje:150 grs.<br \/>\n<strong>Pack<\/strong> Oficio 50 hojas-<br \/>\n24 x 34 cm. 12 hjs<\/p>\n<p>* Los colores son s\u00f3lo referenciales, ya que \u00a0pueden no corresponder al tono exacto del papel.<\/p>\n","protected":false},"excerpt":{"rendered":"<p>Pergamino Nubes: Pura Celulosa Blanqueada, libre de cloro reciclable. Papel no estucado con tintes blancos en masa. Resistente al envejecimiento. Procesos tradicionales de impresi\u00f3n. Prensa tipogr\u00e1fica,<span class=\"excerpt-hellip\"> [\u2026]<\/span><\/p>\n","protected":false},"featured_media":9267,"comment_status":"open","ping_status":"closed","template":"","meta":[],"product_cat":[487,294],"product_tag":[451,216,742,621,221,741,624],"_links":{"self":[{"href":"https:\/\/www.di-art.cl\/tienda\/wp-json\/wp\/v2\/product\/9261"}],"collection":[{"href":"https:\/\/www.di-art.cl\/tienda\/wp-json\/wp\/v2\/product"}],"about":[{"href":"https:\/\/www.di-art.cl\/tienda\/wp-json\/wp\/v2\/types\/product"}],"replies":[{"embeddable":true,"href":"https:\/\/www.di-art.cl\/tienda\/wp-json\/wp\/v2\/comments?post=9261"}],"wp:featuredmedia":[{"embeddable":true,"href":"https:\/\/www.di-art.cl\/tienda\/wp-json\/wp\/v2\/media\/9267"}],"wp:attachment":[{"href":"https:\/\/www.di-art.cl\/tienda\/wp-json\/wp\/v2\/media?parent=9261"}],"wp:term":[{"taxonomy":"product_cat","embeddable":true,"href":"https:\/\/www.di-art.cl\/tienda\/wp-json\/wp\/v2\/product_cat?post=9261"},{"taxonomy":"product_tag","embeddable":true,"href":"https:\/\/www.di-art.cl\/tienda\/wp-json\/wp\/v2\/product_tag?post=9261"}],"curies":[{"name":"wp","href":"https:\/\/api.w.org\/{rel}","templated":true}]}}